{"id":1586,"date":"2023-09-28T07:32:14","date_gmt":"2023-09-28T05:32:14","guid":{"rendered":"https:\/\/www.vilafamesturisme.com\/que-puedes-hacer\/campo-de-aviacion\/"},"modified":"2024-06-25T11:11:27","modified_gmt":"2024-06-25T09:11:27","slug":"campo-de-aviacion","status":"publish","type":"page","link":"https:\/\/www.vilafamesturisme.com\/es\/que-puedes-hacer\/campo-de-aviacion\/","title":{"rendered":"Campo de aviaci\u00f3n"},"content":{"rendered":"\n<p>El Campo de Aviaci\u00f3n de Vilafam\u00e9s fue construido en 1937 por parte del Gobierno de la II Rep\u00fablica dentro de la 4.\u00aa Regi\u00f3n A\u00e9rea, prestando apoyo a\u00e9reo en el frente de Arag\u00f3n. En \u00e9l los aspectos m\u00e1s esenciales: su funcionamiento, protecci\u00f3n, los pilotos m\u00e1s destacados, una torre de comunicaciones, un barrac\u00f3n de cocinas, m\u00e1s de 200 metros de trincheras, recreaciones de un caza republicano y mucho m\u00e1s.<\/p>\n\n<div style=\"height:10px\" aria-hidden=\"true\" class=\"wp-block-spacer\"><\/div>\n\n<figure class=\"wp-block-gallery has-nested-images columns-default is-cropped wp-block-gallery-1 is-layout-flex wp-block-gallery-is-layout-flex\">\n<figure class=\"wp-block-image size-large\"><img loading=\"lazy\" decoding=\"async\" width=\"768\" height=\"1024\" data-id=\"643\" src=\"https:\/\/www.vilafamesturisme.com\/wp-content\/uploads\/2023\/12\/1280px-Campo_de_Aviacion._Homenaje-768x1024.jpg\" alt=\"\" class=\"wp-image-643\" srcset=\"https:\/\/www.vilafamesturisme.com\/wp-content\/uploads\/2023\/12\/1280px-Campo_de_Aviacion._Homenaje-768x1024.jpg 768w, https:\/\/www.vilafamesturisme.com\/wp-content\/uploads\/2023\/12\/1280px-Campo_de_Aviacion._Homenaje-225x300.jpg 225w, https:\/\/www.vilafamesturisme.com\/wp-content\/uploads\/2023\/12\/1280px-Campo_de_Aviacion._Homenaje-1152x1536.jpg 1152w, https:\/\/www.vilafamesturisme.com\/wp-content\/uploads\/2023\/12\/1280px-Campo_de_Aviacion._Homenaje.jpg 1280w\" sizes=\"auto, (max-width: 768px) 100vw, 768px\" \/><\/figure>\n\n\n\n<figure class=\"wp-block-image size-large\"><img loading=\"lazy\" decoding=\"async\" width=\"1024\" height=\"683\" data-id=\"625\" src=\"https:\/\/www.vilafamesturisme.com\/wp-content\/uploads\/2023\/12\/2560px-Campo_de_Aviacion._General-1024x683.jpg\" alt=\"\" class=\"wp-image-625\" srcset=\"https:\/\/www.vilafamesturisme.com\/wp-content\/uploads\/2023\/12\/2560px-Campo_de_Aviacion._General-1024x683.jpg 1024w, https:\/\/www.vilafamesturisme.com\/wp-content\/uploads\/2023\/12\/2560px-Campo_de_Aviacion._General-300x200.jpg 300w, https:\/\/www.vilafamesturisme.com\/wp-content\/uploads\/2023\/12\/2560px-Campo_de_Aviacion._General-768x512.jpg 768w, https:\/\/www.vilafamesturisme.com\/wp-content\/uploads\/2023\/12\/2560px-Campo_de_Aviacion._General-1536x1024.jpg 1536w, https:\/\/www.vilafamesturisme.com\/wp-content\/uploads\/2023\/12\/2560px-Campo_de_Aviacion._General-2048x1366.jpg 2048w, https:\/\/www.vilafamesturisme.com\/wp-content\/uploads\/2023\/12\/2560px-Campo_de_Aviacion._General.jpg 2560w\" sizes=\"auto, (max-width: 1024px) 100vw, 1024px\" \/><\/figure>\n\n\n\n<figure class=\"wp-block-image size-large\"><img loading=\"lazy\" decoding=\"async\" width=\"1024\" height=\"768\" data-id=\"645\" src=\"https:\/\/www.vilafamesturisme.com\/wp-content\/uploads\/2023\/12\/Vestigios_del_campo_de_aviacion_de_Vilafames_del_ano_1938-1024x768.jpg\" alt=\"\" class=\"wp-image-645\" srcset=\"https:\/\/www.vilafamesturisme.com\/wp-content\/uploads\/2023\/12\/Vestigios_del_campo_de_aviacion_de_Vilafames_del_ano_1938-1024x768.jpg 1024w, https:\/\/www.vilafamesturisme.com\/wp-content\/uploads\/2023\/12\/Vestigios_del_campo_de_aviacion_de_Vilafames_del_ano_1938-300x225.jpg 300w, https:\/\/www.vilafamesturisme.com\/wp-content\/uploads\/2023\/12\/Vestigios_del_campo_de_aviacion_de_Vilafames_del_ano_1938-768x576.jpg 768w, https:\/\/www.vilafamesturisme.com\/wp-content\/uploads\/2023\/12\/Vestigios_del_campo_de_aviacion_de_Vilafames_del_ano_1938-1536x1152.jpg 1536w, https:\/\/www.vilafamesturisme.com\/wp-content\/uploads\/2023\/12\/Vestigios_del_campo_de_aviacion_de_Vilafames_del_ano_1938.jpg 2000w\" sizes=\"auto, (max-width: 1024px) 100vw, 1024px\" \/><\/figure>\n<\/figure>\n\n<hr class=\"wp-block-separator has-alpha-channel-opacity\"\/>\n\n<div class=\"wp-block-media-text is-stacked-on-mobile\" style=\"grid-template-columns:15% auto\"><figure class=\"wp-block-media-text__media\"><img loading=\"lazy\" decoding=\"async\" width=\"150\" height=\"150\" src=\"https:\/\/www.vilafamesturisme.com\/wp-content\/uploads\/2023\/12\/326567029_911218786896934_7826113276350472302_n-150x150.jpg\" alt=\"\" class=\"wp-image-633 size-thumbnail\" srcset=\"https:\/\/www.vilafamesturisme.com\/wp-content\/uploads\/2023\/12\/326567029_911218786896934_7826113276350472302_n-150x150.jpg 150w, https:\/\/www.vilafamesturisme.com\/wp-content\/uploads\/2023\/12\/326567029_911218786896934_7826113276350472302_n.jpg 254w\" sizes=\"auto, (max-width: 150px) 100vw, 150px\" \/><\/figure><div class=\"wp-block-media-text__content\">\n<p class=\"has-small-font-size\">Facebook:<\/p>\n\n\n\n<p><a href=\"https:\/\/www.facebook.com\/CampodeAviaciondeVilafames\/?locale=es_ES\">442. Camp d'Aviaci\u00f3 de Vilafam\u00e9s - Vilafames Airfield\u00a0<\/a><\/p>\n<\/div><\/div>\n\n<hr class=\"wp-block-separator has-alpha-channel-opacity\"\/>\n","protected":false},"excerpt":{"rendered":"<p>El Campo de Aviaci\u00f3n de Vilafam\u00e9s fue construido en 1937 por parte del Gobierno de la II Rep\u00fablica dentro de la 4.\u00aa Regi\u00f3n A\u00e9rea, prestando apoyo a\u00e9reo en el frente [&hellip;]<\/p>\n","protected":false},"author":1,"featured_media":630,"parent":1403,"menu_order":74,"comment_status":"closed","ping_status":"closed","template":"","meta":{"_acf_changed":false,"_EventAllDay":false,"_EventTimezone":"","_EventStartDate":"","_EventEndDate":"","_EventStartDateUTC":"","_EventEndDateUTC":"","_EventShowMap":false,"_EventShowMapLink":false,"_EventURL":"","_EventCost":"","_EventCostDescription":"","_EventCurrencySymbol":"","_EventCurrencyCode":"","_EventCurrencyPosition":"","_EventDateTimeSeparator":"","_EventTimeRangeSeparator":"","_EventOrganizerID":[],"_EventVenueID":[],"_OrganizerEmail":"","_OrganizerPhone":"","_OrganizerWebsite":"","_VenueAddress":"","_VenueCity":"","_VenueCountry":"","_VenueProvince":"","_VenueState":"","_VenueZip":"","_VenuePhone":"","_VenueURL":"","_VenueStateProvince":"","_VenueLat":"","_VenueLng":"","_VenueShowMap":false,"_VenueShowMapLink":false,"footnotes":""},"class_list":["post-1586","page","type-page","status-publish","has-post-thumbnail","hentry"],"acf":[],"_links":{"self":[{"href":"https:\/\/www.vilafamesturisme.com\/es\/wp-json\/wp\/v2\/pages\/1586","targetHints":{"allow":["GET"]}}],"collection":[{"href":"https:\/\/www.vilafamesturisme.com\/es\/wp-json\/wp\/v2\/pages"}],"about":[{"href":"https:\/\/www.vilafamesturisme.com\/es\/wp-json\/wp\/v2\/types\/page"}],"author":[{"embeddable":true,"href":"https:\/\/www.vilafamesturisme.com\/es\/wp-json\/wp\/v2\/users\/1"}],"replies":[{"embeddable":true,"href":"https:\/\/www.vilafamesturisme.com\/es\/wp-json\/wp\/v2\/comments?post=1586"}],"version-history":[{"count":1,"href":"https:\/\/www.vilafamesturisme.com\/es\/wp-json\/wp\/v2\/pages\/1586\/revisions"}],"predecessor-version":[{"id":1592,"href":"https:\/\/www.vilafamesturisme.com\/es\/wp-json\/wp\/v2\/pages\/1586\/revisions\/1592"}],"up":[{"embeddable":true,"href":"https:\/\/www.vilafamesturisme.com\/es\/wp-json\/wp\/v2\/pages\/1403"}],"wp:featuredmedia":[{"embeddable":true,"href":"https:\/\/www.vilafamesturisme.com\/es\/wp-json\/wp\/v2\/media\/630"}],"wp:attachment":[{"href":"https:\/\/www.vilafamesturisme.com\/es\/wp-json\/wp\/v2\/media?parent=1586"}],"curies":[{"name":"wp","href":"https:\/\/api.w.org\/{rel}","templated":true}]}}

Campo de aviación

<p>El Campo de Aviación de Vilafamés fue construido en 1937 por parte del Gobierno de la II República dentro de la 4.ª Región Aérea, prestando apoyo aéreo en el frente de Aragón. En él los aspectos más esenciales: su funcionamiento, protección, los pilotos más destacados, una torre de comunicaciones, un barracón de cocinas, más de 200 metros de trincheras, recreaciones de un caza republicano y mucho más.</p>

<div style="height:10px" aria-hidden="true" class="wp-block-spacer"></div>

<figure class="wp-block-gallery has-nested-images columns-default is-cropped wp-block-gallery-1 is-layout-flex wp-block-gallery-is-layout-flex">
<figure class="wp-block-image size-large"><img loading="lazy" decoding="async" width="768" height="1024" data-id="643" src="https://www.vilafamesturisme.com/wp-content/uploads/2023/12/1280px-Campo_de_Aviacion._Homenaje-768x1024.jpg" alt="" class="wp-image-643" srcset="https://www.vilafamesturisme.com/wp-content/uploads/2023/12/1280px-Campo_de_Aviacion._Homenaje-768x1024.jpg 768w, https://www.vilafamesturisme.com/wp-content/uploads/2023/12/1280px-Campo_de_Aviacion._Homenaje-225x300.jpg 225w, https://www.vilafamesturisme.com/wp-content/uploads/2023/12/1280px-Campo_de_Aviacion._Homenaje-1152x1536.jpg 1152w, https://www.vilafamesturisme.com/wp-content/uploads/2023/12/1280px-Campo_de_Aviacion._Homenaje.jpg 1280w" sizes="auto, (max-width: 768px) 100vw, 768px" /></figure>



<figure class="wp-block-image size-large"><img loading="lazy" decoding="async" width="1024" height="683" data-id="625" src="https://www.vilafamesturisme.com/wp-content/uploads/2023/12/2560px-Campo_de_Aviacion._General-1024x683.jpg" alt="" class="wp-image-625" srcset="https://www.vilafamesturisme.com/wp-content/uploads/2023/12/2560px-Campo_de_Aviacion._General-1024x683.jpg 1024w, https://www.vilafamesturisme.com/wp-content/uploads/2023/12/2560px-Campo_de_Aviacion._General-300x200.jpg 300w, https://www.vilafamesturisme.com/wp-content/uploads/2023/12/2560px-Campo_de_Aviacion._General-768x512.jpg 768w, https://www.vilafamesturisme.com/wp-content/uploads/2023/12/2560px-Campo_de_Aviacion._General-1536x1024.jpg 1536w, https://www.vilafamesturisme.com/wp-content/uploads/2023/12/2560px-Campo_de_Aviacion._General-2048x1366.jpg 2048w, https://www.vilafamesturisme.com/wp-content/uploads/2023/12/2560px-Campo_de_Aviacion._General.jpg 2560w" sizes="auto, (max-width: 1024px) 100vw, 1024px" /></figure>



<figure class="wp-block-image size-large"><img loading="lazy" decoding="async" width="1024" height="768" data-id="645" src="https://www.vilafamesturisme.com/wp-content/uploads/2023/12/Vestigios_del_campo_de_aviacion_de_Vilafames_del_ano_1938-1024x768.jpg" alt="" class="wp-image-645" srcset="https://www.vilafamesturisme.com/wp-content/uploads/2023/12/Vestigios_del_campo_de_aviacion_de_Vilafames_del_ano_1938-1024x768.jpg 1024w, https://www.vilafamesturisme.com/wp-content/uploads/2023/12/Vestigios_del_campo_de_aviacion_de_Vilafames_del_ano_1938-300x225.jpg 300w, https://www.vilafamesturisme.com/wp-content/uploads/2023/12/Vestigios_del_campo_de_aviacion_de_Vilafames_del_ano_1938-768x576.jpg 768w, https://www.vilafamesturisme.com/wp-content/uploads/2023/12/Vestigios_del_campo_de_aviacion_de_Vilafames_del_ano_1938-1536x1152.jpg 1536w, https://www.vilafamesturisme.com/wp-content/uploads/2023/12/Vestigios_del_campo_de_aviacion_de_Vilafames_del_ano_1938.jpg 2000w" sizes="auto, (max-width: 1024px) 100vw, 1024px" /></figure>
</figure>

<hr class="wp-block-separator has-alpha-channel-opacity"/>

<div class="wp-block-media-text is-stacked-on-mobile" style="grid-template-columns:15% auto"><figure class="wp-block-media-text__media"><img loading="lazy" decoding="async" width="150" height="150" src="https://www.vilafamesturisme.com/wp-content/uploads/2023/12/326567029_911218786896934_7826113276350472302_n-150x150.jpg" alt="" class="wp-image-633 size-thumbnail" srcset="https://www.vilafamesturisme.com/wp-content/uploads/2023/12/326567029_911218786896934_7826113276350472302_n-150x150.jpg 150w, https://www.vilafamesturisme.com/wp-content/uploads/2023/12/326567029_911218786896934_7826113276350472302_n.jpg 254w" sizes="auto, (max-width: 150px) 100vw, 150px" /></figure><div class="wp-block-media-text__content">
<p class="has-small-font-size">Facebook:</p>



<p><a href="https://www.facebook.com/CampodeAviaciondeVilafames/?locale=es_ES">442. Camp d'Aviació de Vilafamés - Vilafames Airfield </a></p>
</div></div>

<hr class="wp-block-separator has-alpha-channel-opacity"/>

<p>El Campo de Aviación de Vilafamés fue construido en 1937 por parte del Gobierno de la II República dentro de la 4.ª Región Aérea, prestando apoyo aéreo en el frente [&hellip;]</p>
