{"id":1612,"date":"2023-09-20T07:09:51","date_gmt":"2023-09-20T05:09:51","guid":{"rendered":"https:\/\/www.vilafamesturisme.com\/descubrenos\/el-clima\/"},"modified":"2024-06-25T10:50:51","modified_gmt":"2024-06-25T08:50:51","slug":"el-clima","status":"publish","type":"page","link":"https:\/\/www.vilafamesturisme.com\/es\/descubrenos\/el-clima\/","title":{"rendered":"El clima"},"content":{"rendered":"\n<p>Vilafam\u00e9s, dispone de un clima templado durante todo el a\u00f1o. La temperatura generalmente var\u00eda de 5 \u00b0C a 27 \u00b0C y rara vez baja a menos de 1 \u00b0C o sube a m\u00e1s de 31 \u00b0C.<\/p>\n\n<p>La puntuaci\u00f3n de turismo favorece los d\u00edas claros y sin lluvia con temperaturas percibidas entre 18 \u00b0C y 27 \u00b0C. En base a esta puntuaci\u00f3n, la mejor \u00e9poca del a\u00f1o para visitar Vilafam\u00e9s para las actividades tur\u00edsticas generales a la intemperie es desde principios de junio hasta mediados de septiembre, con una puntuaci\u00f3n m\u00e1xima en la primera semana de julio.<\/p>\n\n<p><a href=\"https:\/\/www.avamet.org\/mxo_i.php?id=c05m128e02\" target=\"_blank\" rel=\"noreferrer noopener\" data-type=\"link\" data-id=\"https:\/\/www.avamet.org\/mxo_i.php?id=c05m128e02\">Puedes ojear la situaci\u00f3n actual a trav\u00e9s de las webcams<\/a><\/p>\n\n<figure class=\"wp-block-image size-large\"><img loading=\"lazy\" decoding=\"async\" width=\"1024\" height=\"682\" src=\"https:\/\/www.vilafamesturisme.com\/wp-content\/uploads\/2023\/11\/MG_2724a-1024x682.jpg\" alt=\"\" class=\"wp-image-343\" srcset=\"https:\/\/www.vilafamesturisme.com\/wp-content\/uploads\/2023\/11\/MG_2724a-1024x682.jpg 1024w, https:\/\/www.vilafamesturisme.com\/wp-content\/uploads\/2023\/11\/MG_2724a-300x200.jpg 300w, https:\/\/www.vilafamesturisme.com\/wp-content\/uploads\/2023\/11\/MG_2724a-768x512.jpg 768w, https:\/\/www.vilafamesturisme.com\/wp-content\/uploads\/2023\/11\/MG_2724a-1536x1024.jpg 1536w, https:\/\/www.vilafamesturisme.com\/wp-content\/uploads\/2023\/11\/MG_2724a.jpg 2000w\" sizes=\"auto, (max-width: 1024px) 100vw, 1024px\" \/><\/figure>\n","protected":false},"excerpt":{"rendered":"<p>Vilafam\u00e9s, dispone de un clima templado durante todo el a\u00f1o. La temperatura generalmente var\u00eda de 5 \u00b0C a 27 \u00b0C y rara vez baja a menos de 1 \u00b0C o [&hellip;]<\/p>\n","protected":false},"author":1,"featured_media":340,"parent":1363,"menu_order":38,"comment_status":"closed","ping_status":"closed","template":"","meta":{"_acf_changed":false,"_EventAllDay":false,"_EventTimezone":"","_EventStartDate":"","_EventEndDate":"","_EventStartDateUTC":"","_EventEndDateUTC":"","_EventShowMap":false,"_EventShowMapLink":false,"_EventURL":"","_EventCost":"","_EventCostDescription":"","_EventCurrencySymbol":"","_EventCurrencyCode":"","_EventCurrencyPosition":"","_EventDateTimeSeparator":"","_EventTimeRangeSeparator":"","_EventOrganizerID":[],"_EventVenueID":[],"_OrganizerEmail":"","_OrganizerPhone":"","_OrganizerWebsite":"","_VenueAddress":"","_VenueCity":"","_VenueCountry":"","_VenueProvince":"","_VenueState":"","_VenueZip":"","_VenuePhone":"","_VenueURL":"","_VenueStateProvince":"","_VenueLat":"","_VenueLng":"","_VenueShowMap":false,"_VenueShowMapLink":false,"footnotes":""},"class_list":["post-1612","page","type-page","status-publish","has-post-thumbnail","hentry"],"acf":[],"_links":{"self":[{"href":"https:\/\/www.vilafamesturisme.com\/es\/wp-json\/wp\/v2\/pages\/1612","targetHints":{"allow":["GET"]}}],"collection":[{"href":"https:\/\/www.vilafamesturisme.com\/es\/wp-json\/wp\/v2\/pages"}],"about":[{"href":"https:\/\/www.vilafamesturisme.com\/es\/wp-json\/wp\/v2\/types\/page"}],"author":[{"embeddable":true,"href":"https:\/\/www.vilafamesturisme.com\/es\/wp-json\/wp\/v2\/users\/1"}],"replies":[{"embeddable":true,"href":"https:\/\/www.vilafamesturisme.com\/es\/wp-json\/wp\/v2\/comments?post=1612"}],"version-history":[{"count":1,"href":"https:\/\/www.vilafamesturisme.com\/es\/wp-json\/wp\/v2\/pages\/1612\/revisions"}],"predecessor-version":[{"id":1615,"href":"https:\/\/www.vilafamesturisme.com\/es\/wp-json\/wp\/v2\/pages\/1612\/revisions\/1615"}],"up":[{"embeddable":true,"href":"https:\/\/www.vilafamesturisme.com\/es\/wp-json\/wp\/v2\/pages\/1363"}],"wp:featuredmedia":[{"embeddable":true,"href":"https:\/\/www.vilafamesturisme.com\/es\/wp-json\/wp\/v2\/media\/340"}],"wp:attachment":[{"href":"https:\/\/www.vilafamesturisme.com\/es\/wp-json\/wp\/v2\/media?parent=1612"}],"curies":[{"name":"wp","href":"https:\/\/api.w.org\/{rel}","templated":true}]}}

<p>Vilafamés, dispone de un clima templado durante todo el año. La temperatura generalmente varía de 5 °C a 27 °C y rara vez baja a menos de 1 °C o sube a más de 31 °C.</p>

<p>La puntuación de turismo favorece los días claros y sin lluvia con temperaturas percibidas entre 18 °C y 27 °C. En base a esta puntuación, la mejor época del año para visitar Vilafamés para las actividades turísticas generales a la intemperie es desde principios de junio hasta mediados de septiembre, con una puntuación máxima en la primera semana de julio.</p>

<p><a href="https://www.avamet.org/mxo_i.php?id=c05m128e02" target="_blank" rel="noreferrer noopener" data-type="link" data-id="https://www.avamet.org/mxo_i.php?id=c05m128e02">Puedes ojear la situación actual a través de las webcams</a></p>

<figure class="wp-block-image size-large"><img loading="lazy" decoding="async" width="1024" height="682" src="https://www.vilafamesturisme.com/wp-content/uploads/2023/11/MG_2724a-1024x682.jpg" alt="" class="wp-image-343" srcset="https://www.vilafamesturisme.com/wp-content/uploads/2023/11/MG_2724a-1024x682.jpg 1024w, https://www.vilafamesturisme.com/wp-content/uploads/2023/11/MG_2724a-300x200.jpg 300w, https://www.vilafamesturisme.com/wp-content/uploads/2023/11/MG_2724a-768x512.jpg 768w, https://www.vilafamesturisme.com/wp-content/uploads/2023/11/MG_2724a-1536x1024.jpg 1536w, https://www.vilafamesturisme.com/wp-content/uploads/2023/11/MG_2724a.jpg 2000w" sizes="auto, (max-width: 1024px) 100vw, 1024px" /></figure>

<p>Vilafamés, dispone de un clima templado durante todo el año. La temperatura generalmente varía de 5 °C a 27 °C y rara vez baja a menos de 1 °C o [&hellip;]</p>
