{"id":1616,"date":"2023-09-20T07:09:21","date_gmt":"2023-09-20T05:09:21","guid":{"rendered":"https:\/\/www.vilafamesturisme.com\/descubrenos\/el-pueblo\/"},"modified":"2024-06-25T10:51:33","modified_gmt":"2024-06-25T08:51:33","slug":"el-pueblo","status":"publish","type":"page","link":"https:\/\/www.vilafamesturisme.com\/es\/descubrenos\/el-pueblo\/","title":{"rendered":"El Pueblo"},"content":{"rendered":"\n<p>Vilafam\u00e9s se sit\u00faa en la comarca de la Plana Alta, a 25 km de distancia de Castell\u00f3 a trav\u00e9s de la CV-10. Ocupa una posici\u00f3n privilegiada en el corredor prelitoral Sant Mateu-Vilafam\u00e9s, situ\u00e1ndose en un contrafuerte septentrional de la Sierra de las Contiendas. La fisonom\u00eda actual de la villa es el resultado de su evoluci\u00f3n hist\u00f3rica desde \u00e9poca andalus\u00ed hasta la actualidad. Dos concepciones urban\u00edsticas se aprecian en su desarrollo: la andalus\u00ed, en la parte superior, caracterizada por calles estrechas y serpenteantes, y la cristiana, de trazados lineales.<\/p>\n\n<figure class=\"wp-block-image size-large\"><img loading=\"lazy\" decoding=\"async\" width=\"1024\" height=\"682\" src=\"https:\/\/www.vilafamesturisme.com\/wp-content\/uploads\/2023\/11\/MG_0665dl-1024x682.jpg\" alt=\"\" class=\"wp-image-323\" style=\"object-fit:cover\" srcset=\"https:\/\/www.vilafamesturisme.com\/wp-content\/uploads\/2023\/11\/MG_0665dl-1024x682.jpg 1024w, https:\/\/www.vilafamesturisme.com\/wp-content\/uploads\/2023\/11\/MG_0665dl-300x200.jpg 300w, https:\/\/www.vilafamesturisme.com\/wp-content\/uploads\/2023\/11\/MG_0665dl-768x512.jpg 768w, https:\/\/www.vilafamesturisme.com\/wp-content\/uploads\/2023\/11\/MG_0665dl-1536x1024.jpg 1536w, https:\/\/www.vilafamesturisme.com\/wp-content\/uploads\/2023\/11\/MG_0665dl.jpg 2000w\" sizes=\"auto, (max-width: 1024px) 100vw, 1024px\" \/><\/figure>\n\n<p>La villa dispone de un importante conjunto hist\u00f3rico que ha merecido la declaraci\u00f3n de Bien de Inter\u00e9s Cultural por parte de la Generalitat Valenciana, aduciendo que \u201cse trata de uno de los conjuntos historicoart\u00edsticos de mayor importancia de la Comunidad Valenciana, por su gran belleza y alto grado de conservaci\u00f3n, as\u00ed como por el enclave paisaj\u00edstico donde se encuentra ubicada y donde se integra con su particular silueta. Posee una trama medieval adaptada a su particular topograf\u00eda, donde coexiste una interesante arquitectura popular junto con edificios significativos de la arquitectura civil y religiosa, g\u00f3tica y barroca\u201d.<\/p>\n\n<p>Una villa amurallada en el interior de la cual se conservan importantes monumentos que son reflejo del esplendor de \u00e9pocas pasadas: el castillo, la iglesia de la Sang, el palacio del Batle, la iglesia parroquial, adem\u00e1s de numerosas casonas situadas en las principales calles de la localidad.<\/p>\n","protected":false},"excerpt":{"rendered":"<p>Vilafam\u00e9s se sit\u00faa en la comarca de la Plana Alta, a 25 km de distancia de Castell\u00f3 a trav\u00e9s de la CV-10. Ocupa una posici\u00f3n privilegiada en el corredor prelitoral [&hellip;]<\/p>\n","protected":false},"author":1,"featured_media":209,"parent":1363,"menu_order":45,"comment_status":"closed","ping_status":"closed","template":"","meta":{"_acf_changed":false,"_EventAllDay":false,"_EventTimezone":"","_EventStartDate":"","_EventEndDate":"","_EventStartDateUTC":"","_EventEndDateUTC":"","_EventShowMap":false,"_EventShowMapLink":false,"_EventURL":"","_EventCost":"","_EventCostDescription":"","_EventCurrencySymbol":"","_EventCurrencyCode":"","_EventCurrencyPosition":"","_EventDateTimeSeparator":"","_EventTimeRangeSeparator":"","_EventOrganizerID":[],"_EventVenueID":[],"_OrganizerEmail":"","_OrganizerPhone":"","_OrganizerWebsite":"","_VenueAddress":"","_VenueCity":"","_VenueCountry":"","_VenueProvince":"","_VenueState":"","_VenueZip":"","_VenuePhone":"","_VenueURL":"","_VenueStateProvince":"","_VenueLat":"","_VenueLng":"","_VenueShowMap":false,"_VenueShowMapLink":false,"footnotes":""},"class_list":["post-1616","page","type-page","status-publish","has-post-thumbnail","hentry"],"acf":[],"_links":{"self":[{"href":"https:\/\/www.vilafamesturisme.com\/es\/wp-json\/wp\/v2\/pages\/1616","targetHints":{"allow":["GET"]}}],"collection":[{"href":"https:\/\/www.vilafamesturisme.com\/es\/wp-json\/wp\/v2\/pages"}],"about":[{"href":"https:\/\/www.vilafamesturisme.com\/es\/wp-json\/wp\/v2\/types\/page"}],"author":[{"embeddable":true,"href":"https:\/\/www.vilafamesturisme.com\/es\/wp-json\/wp\/v2\/users\/1"}],"replies":[{"embeddable":true,"href":"https:\/\/www.vilafamesturisme.com\/es\/wp-json\/wp\/v2\/comments?post=1616"}],"version-history":[{"count":1,"href":"https:\/\/www.vilafamesturisme.com\/es\/wp-json\/wp\/v2\/pages\/1616\/revisions"}],"predecessor-version":[{"id":1617,"href":"https:\/\/www.vilafamesturisme.com\/es\/wp-json\/wp\/v2\/pages\/1616\/revisions\/1617"}],"up":[{"embeddable":true,"href":"https:\/\/www.vilafamesturisme.com\/es\/wp-json\/wp\/v2\/pages\/1363"}],"wp:featuredmedia":[{"embeddable":true,"href":"https:\/\/www.vilafamesturisme.com\/es\/wp-json\/wp\/v2\/media\/209"}],"wp:attachment":[{"href":"https:\/\/www.vilafamesturisme.com\/es\/wp-json\/wp\/v2\/media?parent=1616"}],"curies":[{"name":"wp","href":"https:\/\/api.w.org\/{rel}","templated":true}]}}

<p>Vilafamés se sitúa en la comarca de la Plana Alta, a 25 km de distancia de Castelló a través de la CV-10. Ocupa una posición privilegiada en el corredor prelitoral Sant Mateu-Vilafamés, situándose en un contrafuerte septentrional de la Sierra de las Contiendas. La fisonomía actual de la villa es el resultado de su evolución histórica desde época andalusí hasta la actualidad. Dos concepciones urbanísticas se aprecian en su desarrollo: la andalusí, en la parte superior, caracterizada por calles estrechas y serpenteantes, y la cristiana, de trazados lineales.</p>

<figure class="wp-block-image size-large"><img loading="lazy" decoding="async" width="1024" height="682" src="https://www.vilafamesturisme.com/wp-content/uploads/2023/11/MG_0665dl-1024x682.jpg" alt="" class="wp-image-323" style="object-fit:cover" srcset="https://www.vilafamesturisme.com/wp-content/uploads/2023/11/MG_0665dl-1024x682.jpg 1024w, https://www.vilafamesturisme.com/wp-content/uploads/2023/11/MG_0665dl-300x200.jpg 300w, https://www.vilafamesturisme.com/wp-content/uploads/2023/11/MG_0665dl-768x512.jpg 768w, https://www.vilafamesturisme.com/wp-content/uploads/2023/11/MG_0665dl-1536x1024.jpg 1536w, https://www.vilafamesturisme.com/wp-content/uploads/2023/11/MG_0665dl.jpg 2000w" sizes="auto, (max-width: 1024px) 100vw, 1024px" /></figure>

<p>La villa dispone de un importante conjunto histórico que ha merecido la declaración de Bien de Interés Cultural por parte de la Generalitat Valenciana, aduciendo que “se trata de uno de los conjuntos historicoartísticos de mayor importancia de la Comunidad Valenciana, por su gran belleza y alto grado de conservación, así como por el enclave paisajístico donde se encuentra ubicada y donde se integra con su particular silueta. Posee una trama medieval adaptada a su particular topografía, donde coexiste una interesante arquitectura popular junto con edificios significativos de la arquitectura civil y religiosa, gótica y barroca”.</p>

<p>Una villa amurallada en el interior de la cual se conservan importantes monumentos que son reflejo del esplendor de épocas pasadas: el castillo, la iglesia de la Sang, el palacio del Batle, la iglesia parroquial, además de numerosas casonas situadas en las principales calles de la localidad.</p>

<p>Vilafamés se sitúa en la comarca de la Plana Alta, a 25 km de distancia de Castelló a través de la CV-10. Ocupa una posición privilegiada en el corredor prelitoral [&hellip;]</p>
