{"id":1634,"date":"2024-04-09T12:43:49","date_gmt":"2024-04-09T10:43:49","guid":{"rendered":"https:\/\/www.vilafamesturisme.com\/planifica-tu-visita\/gastronomia\/productos-de-vilafames\/"},"modified":"2024-06-25T10:58:11","modified_gmt":"2024-06-25T08:58:11","slug":"productos-de-vilafames","status":"publish","type":"page","link":"https:\/\/www.vilafamesturisme.com\/es\/planifica-tu-visita\/gastronomia\/productos-de-vilafames\/","title":{"rendered":"Productos de Vilafam\u00e9s"},"content":{"rendered":"\n<p>Conoce la oferta gastron\u00f3mica que ofrece Vilafam\u00e9s con productos de Km0 y de proximidad:<\/p>\n\n<div style=\"height:30px\" aria-hidden=\"true\" class=\"wp-block-spacer\"><\/div>\n\n<h2 class=\"wp-block-heading has-large-font-size\"><strong>Vino<\/strong><\/h2>\n\n<hr class=\"wp-block-separator has-alpha-channel-opacity\"\/>\n\n<div class=\"wp-block-media-text is-stacked-on-mobile\"><figure class=\"wp-block-media-text__media\"><img loading=\"lazy\" decoding=\"async\" width=\"1024\" height=\"683\" src=\"https:\/\/www.vilafamesturisme.com\/wp-content\/uploads\/2024\/04\/dan-meyers-OAz8fcWJODg-unsplash-1024x683.jpg\" alt=\"\" class=\"wp-image-1110 size-full\" srcset=\"https:\/\/www.vilafamesturisme.com\/wp-content\/uploads\/2024\/04\/dan-meyers-OAz8fcWJODg-unsplash-1024x683.jpg 1024w, https:\/\/www.vilafamesturisme.com\/wp-content\/uploads\/2024\/04\/dan-meyers-OAz8fcWJODg-unsplash-300x200.jpg 300w, https:\/\/www.vilafamesturisme.com\/wp-content\/uploads\/2024\/04\/dan-meyers-OAz8fcWJODg-unsplash-768x512.jpg 768w, https:\/\/www.vilafamesturisme.com\/wp-content\/uploads\/2024\/04\/dan-meyers-OAz8fcWJODg-unsplash-1536x1024.jpg 1536w, https:\/\/www.vilafamesturisme.com\/wp-content\/uploads\/2024\/04\/dan-meyers-OAz8fcWJODg-unsplash-2048x1365.jpg 2048w, https:\/\/www.vilafamesturisme.com\/wp-content\/uploads\/2024\/04\/dan-meyers-OAz8fcWJODg-unsplash-scaled.jpg 2560w\" sizes=\"auto, (max-width: 1024px) 100vw, 1024px\" \/><\/figure><div class=\"wp-block-media-text__content\">\n<p>La vi\u00f1a -el vino-, uno de los cultivos tradicionales con historia en nuestras tierras que puedes encontrar en diferentes establecimientos de la localidad. Destaca la producci\u00f3n de cultivo propio:: <a href=\"https:\/\/magnanimvs.com\/\">Bodega Magnanimus<\/a>, <a href=\"https:\/\/www.bodegavilafames.com\/\">Bodega de Vilafam\u00e9s<\/a> i <a href=\"http:\/\/www.oleicola.es\/\">Cooperativa de Vilafam\u00e9s<\/a>.<\/p>\n<\/div><\/div>\n\n<div style=\"height:30px\" aria-hidden=\"true\" class=\"wp-block-spacer\"><\/div>\n\n<h2 class=\"wp-block-heading has-large-font-size\"><strong>Aceite<\/strong><\/h2>\n\n<hr class=\"wp-block-separator has-alpha-channel-opacity\"\/>\n\n<div class=\"wp-block-media-text is-stacked-on-mobile\"><figure class=\"wp-block-media-text__media\"><img loading=\"lazy\" decoding=\"async\" width=\"1024\" height=\"683\" src=\"https:\/\/www.vilafamesturisme.com\/wp-content\/uploads\/2024\/04\/roberta-sorge-uOBApnN_K7w-unsplash-copia-1024x683.jpg\" alt=\"\" class=\"wp-image-1112 size-full\" srcset=\"https:\/\/www.vilafamesturisme.com\/wp-content\/uploads\/2024\/04\/roberta-sorge-uOBApnN_K7w-unsplash-copia-1024x683.jpg 1024w, https:\/\/www.vilafamesturisme.com\/wp-content\/uploads\/2024\/04\/roberta-sorge-uOBApnN_K7w-unsplash-copia-300x200.jpg 300w, https:\/\/www.vilafamesturisme.com\/wp-content\/uploads\/2024\/04\/roberta-sorge-uOBApnN_K7w-unsplash-copia-768x512.jpg 768w, https:\/\/www.vilafamesturisme.com\/wp-content\/uploads\/2024\/04\/roberta-sorge-uOBApnN_K7w-unsplash-copia-1536x1024.jpg 1536w, https:\/\/www.vilafamesturisme.com\/wp-content\/uploads\/2024\/04\/roberta-sorge-uOBApnN_K7w-unsplash-copia-2048x1365.jpg 2048w, https:\/\/www.vilafamesturisme.com\/wp-content\/uploads\/2024\/04\/roberta-sorge-uOBApnN_K7w-unsplash-copia-scaled.jpg 2560w\" sizes=\"auto, (max-width: 1024px) 100vw, 1024px\" \/><\/figure><div class=\"wp-block-media-text__content\">\n<p>El aceite, producto estrella por excelencia, que forma parte de la tradici\u00f3n agr\u00edcola de nuestras tierras. Destacando el aceite de la <a href=\"http:\/\/www.oleicola.es\/\">Cooperativa de Vilafam\u00e9s<\/a> que puedes encontrar en muchos de los establecimientos de nuestro municipio.<\/p>\n<\/div><\/div>\n\n<div style=\"height:30px\" aria-hidden=\"true\" class=\"wp-block-spacer\"><\/div>\n\n<h2 class=\"wp-block-heading has-large-font-size\"><strong>Dulces y salados<\/strong><\/h2>\n\n<hr class=\"wp-block-separator has-alpha-channel-opacity\"\/>\n\n<div class=\"wp-block-media-text is-stacked-on-mobile\"><figure class=\"wp-block-media-text__media\"><img loading=\"lazy\" decoding=\"async\" width=\"956\" height=\"538\" src=\"https:\/\/www.vilafamesturisme.com\/wp-content\/uploads\/2024\/04\/Pastissos.jpg\" alt=\"\" class=\"wp-image-1114 size-full\" srcset=\"https:\/\/www.vilafamesturisme.com\/wp-content\/uploads\/2024\/04\/Pastissos.jpg 956w, https:\/\/www.vilafamesturisme.com\/wp-content\/uploads\/2024\/04\/Pastissos-300x169.jpg 300w, https:\/\/www.vilafamesturisme.com\/wp-content\/uploads\/2024\/04\/Pastissos-768x432.jpg 768w\" sizes=\"auto, (max-width: 956px) 100vw, 956px\" \/><\/figure><div class=\"wp-block-media-text__content\">\n<p>Pastisos, cristinas, prim dulce y salado, coca roja, rosegones... Elaborados desde la tradici\u00f3n local para ser un excelente producto de calidad.<\/p>\n\n\n\n<p>Podr\u00e1s apreciarlo en <a href=\"https:\/\/rafaelgalindo.com\/\">Panaderia Rafael Galindo<\/a> y en <a href=\"https:\/\/maps.app.goo.gl\/jVGsBiv1xXamDPcKA\">Vilafam\u00e9s Natura<\/a>.<\/p>\n<\/div><\/div>\n\n<div style=\"height:30px\" aria-hidden=\"true\" class=\"wp-block-spacer\"><\/div>\n\n<h2 class=\"wp-block-heading has-large-font-size\"><strong>Miel<\/strong><\/h2>\n\n<hr class=\"wp-block-separator has-alpha-channel-opacity\"\/>\n\n<div class=\"wp-block-media-text is-stacked-on-mobile\"><figure class=\"wp-block-media-text__media\"><img loading=\"lazy\" decoding=\"async\" width=\"1024\" height=\"682\" src=\"https:\/\/www.vilafamesturisme.com\/wp-content\/uploads\/2024\/04\/art-rachen-Asj5DFw8UAw-unsplash-1024x682.jpg\" alt=\"\" class=\"wp-image-1118 size-full\" srcset=\"https:\/\/www.vilafamesturisme.com\/wp-content\/uploads\/2024\/04\/art-rachen-Asj5DFw8UAw-unsplash-1024x682.jpg 1024w, https:\/\/www.vilafamesturisme.com\/wp-content\/uploads\/2024\/04\/art-rachen-Asj5DFw8UAw-unsplash-300x200.jpg 300w, https:\/\/www.vilafamesturisme.com\/wp-content\/uploads\/2024\/04\/art-rachen-Asj5DFw8UAw-unsplash-768x512.jpg 768w, https:\/\/www.vilafamesturisme.com\/wp-content\/uploads\/2024\/04\/art-rachen-Asj5DFw8UAw-unsplash.jpg 1400w\" sizes=\"auto, (max-width: 1024px) 100vw, 1024px\" \/><\/figure><div class=\"wp-block-media-text__content\">\n<p>Producto natural, fruto de la tradici\u00f3n y de la artesan\u00eda.<\/p>\n\n\n\n<p><a href=\"https:\/\/maps.app.goo.gl\/xu6LrtHKSkt8Ug7q6\">Miel de Vilafam\u00e9s<\/a><\/p>\n<\/div><\/div>\n\n<div style=\"height:30px\" aria-hidden=\"true\" class=\"wp-block-spacer\"><\/div>\n\n<h2 class=\"wp-block-heading has-large-font-size\"><strong>Gastronom\u00eda<\/strong><\/h2>\n\n<hr class=\"wp-block-separator has-alpha-channel-opacity\"\/>\n\n<div class=\"wp-block-media-text is-stacked-on-mobile\"><figure class=\"wp-block-media-text__media\"><img loading=\"lazy\" decoding=\"async\" width=\"1024\" height=\"768\" src=\"https:\/\/www.vilafamesturisme.com\/wp-content\/uploads\/2024\/04\/olla-1024x768-1.jpg\" alt=\"\" class=\"wp-image-1116 size-full\" srcset=\"https:\/\/www.vilafamesturisme.com\/wp-content\/uploads\/2024\/04\/olla-1024x768-1.jpg 1024w, https:\/\/www.vilafamesturisme.com\/wp-content\/uploads\/2024\/04\/olla-1024x768-1-300x225.jpg 300w, https:\/\/www.vilafamesturisme.com\/wp-content\/uploads\/2024\/04\/olla-1024x768-1-768x576.jpg 768w\" sizes=\"auto, (max-width: 1024px) 100vw, 1024px\" \/><\/figure><div class=\"wp-block-media-text__content\">\n<p>La <a href=\"https:\/\/www.vilafamesturisme.com\/es\/planifica-tu-visita\/gastronomia\/bares-y-restaurantes\/\">gastronom\u00eda<\/a> es el reflejo de un pueblo, platos con historia que son tota una delicia para los sentidos. Platos m\u00e1s destacados: Olleta de Vilafam\u00e9s y arroz al horno con calabaza.<\/p>\n<\/div><\/div>\n","protected":false},"excerpt":{"rendered":"<p>Conoce la oferta gastron\u00f3mica que ofrece Vilafam\u00e9s con productos de Km0 y de proximidad: Vino La vi\u00f1a -el vino-, uno de los cultivos tradicionales con historia en nuestras tierras que [&hellip;]<\/p>\n","protected":false},"author":2,"featured_media":1126,"parent":1398,"menu_order":13,"comment_status":"closed","ping_status":"closed","template":"","meta":{"_acf_changed":false,"_EventAllDay":false,"_EventTimezone":"","_EventStartDate":"","_EventEndDate":"","_EventStartDateUTC":"","_EventEndDateUTC":"","_EventShowMap":false,"_EventShowMapLink":false,"_EventURL":"","_EventCost":"","_EventCostDescription":"","_EventCurrencySymbol":"","_EventCurrencyCode":"","_EventCurrencyPosition":"","_EventDateTimeSeparator":"","_EventTimeRangeSeparator":"","_EventOrganizerID":[],"_EventVenueID":[],"_OrganizerEmail":"","_OrganizerPhone":"","_OrganizerWebsite":"","_VenueAddress":"","_VenueCity":"","_VenueCountry":"","_VenueProvince":"","_VenueState":"","_VenueZip":"","_VenuePhone":"","_VenueURL":"","_VenueStateProvince":"","_VenueLat":"","_VenueLng":"","_VenueShowMap":false,"_VenueShowMapLink":false,"footnotes":""},"class_list":["post-1634","page","type-page","status-publish","has-post-thumbnail","hentry"],"acf":[],"_links":{"self":[{"href":"https:\/\/www.vilafamesturisme.com\/es\/wp-json\/wp\/v2\/pages\/1634","targetHints":{"allow":["GET"]}}],"collection":[{"href":"https:\/\/www.vilafamesturisme.com\/es\/wp-json\/wp\/v2\/pages"}],"about":[{"href":"https:\/\/www.vilafamesturisme.com\/es\/wp-json\/wp\/v2\/types\/page"}],"author":[{"embeddable":true,"href":"https:\/\/www.vilafamesturisme.com\/es\/wp-json\/wp\/v2\/users\/2"}],"replies":[{"embeddable":true,"href":"https:\/\/www.vilafamesturisme.com\/es\/wp-json\/wp\/v2\/comments?post=1634"}],"version-history":[{"count":1,"href":"https:\/\/www.vilafamesturisme.com\/es\/wp-json\/wp\/v2\/pages\/1634\/revisions"}],"predecessor-version":[{"id":1640,"href":"https:\/\/www.vilafamesturisme.com\/es\/wp-json\/wp\/v2\/pages\/1634\/revisions\/1640"}],"up":[{"embeddable":true,"href":"https:\/\/www.vilafamesturisme.com\/es\/wp-json\/wp\/v2\/pages\/1398"}],"wp:featuredmedia":[{"embeddable":true,"href":"https:\/\/www.vilafamesturisme.com\/es\/wp-json\/wp\/v2\/media\/1126"}],"wp:attachment":[{"href":"https:\/\/www.vilafamesturisme.com\/es\/wp-json\/wp\/v2\/media?parent=1634"}],"curies":[{"name":"wp","href":"https:\/\/api.w.org\/{rel}","templated":true}]}}

Productos de Vilafamés

<p>Conoce la oferta gastronómica que ofrece Vilafamés con productos de Km0 y de proximidad:</p>

<div style="height:30px" aria-hidden="true" class="wp-block-spacer"></div>

<h2 class="wp-block-heading has-large-font-size"><strong>Vino</strong></h2>

<hr class="wp-block-separator has-alpha-channel-opacity"/>

<div class="wp-block-media-text is-stacked-on-mobile"><figure class="wp-block-media-text__media"><img loading="lazy" decoding="async" width="1024" height="683" src="https://www.vilafamesturisme.com/wp-content/uploads/2024/04/dan-meyers-OAz8fcWJODg-unsplash-1024x683.jpg" alt="" class="wp-image-1110 size-full" srcset="https://www.vilafamesturisme.com/wp-content/uploads/2024/04/dan-meyers-OAz8fcWJODg-unsplash-1024x683.jpg 1024w, https://www.vilafamesturisme.com/wp-content/uploads/2024/04/dan-meyers-OAz8fcWJODg-unsplash-300x200.jpg 300w, https://www.vilafamesturisme.com/wp-content/uploads/2024/04/dan-meyers-OAz8fcWJODg-unsplash-768x512.jpg 768w, https://www.vilafamesturisme.com/wp-content/uploads/2024/04/dan-meyers-OAz8fcWJODg-unsplash-1536x1024.jpg 1536w, https://www.vilafamesturisme.com/wp-content/uploads/2024/04/dan-meyers-OAz8fcWJODg-unsplash-2048x1365.jpg 2048w, https://www.vilafamesturisme.com/wp-content/uploads/2024/04/dan-meyers-OAz8fcWJODg-unsplash-scaled.jpg 2560w" sizes="auto, (max-width: 1024px) 100vw, 1024px" /></figure><div class="wp-block-media-text__content">
<p>La viña -el vino-, uno de los cultivos tradicionales con historia en nuestras tierras que puedes encontrar en diferentes establecimientos de la localidad. Destaca la producción de cultivo propio:: <a href="https://magnanimvs.com/">Bodega Magnanimus</a>, <a href="https://www.bodegavilafames.com/">Bodega de Vilafamés</a> i <a href="http://www.oleicola.es/">Cooperativa de Vilafamés</a>.</p>
</div></div>

<div style="height:30px" aria-hidden="true" class="wp-block-spacer"></div>

<h2 class="wp-block-heading has-large-font-size"><strong>Aceite</strong></h2>

<hr class="wp-block-separator has-alpha-channel-opacity"/>

<div class="wp-block-media-text is-stacked-on-mobile"><figure class="wp-block-media-text__media"><img loading="lazy" decoding="async" width="1024" height="683" src="https://www.vilafamesturisme.com/wp-content/uploads/2024/04/roberta-sorge-uOBApnN_K7w-unsplash-copia-1024x683.jpg" alt="" class="wp-image-1112 size-full" srcset="https://www.vilafamesturisme.com/wp-content/uploads/2024/04/roberta-sorge-uOBApnN_K7w-unsplash-copia-1024x683.jpg 1024w, https://www.vilafamesturisme.com/wp-content/uploads/2024/04/roberta-sorge-uOBApnN_K7w-unsplash-copia-300x200.jpg 300w, https://www.vilafamesturisme.com/wp-content/uploads/2024/04/roberta-sorge-uOBApnN_K7w-unsplash-copia-768x512.jpg 768w, https://www.vilafamesturisme.com/wp-content/uploads/2024/04/roberta-sorge-uOBApnN_K7w-unsplash-copia-1536x1024.jpg 1536w, https://www.vilafamesturisme.com/wp-content/uploads/2024/04/roberta-sorge-uOBApnN_K7w-unsplash-copia-2048x1365.jpg 2048w, https://www.vilafamesturisme.com/wp-content/uploads/2024/04/roberta-sorge-uOBApnN_K7w-unsplash-copia-scaled.jpg 2560w" sizes="auto, (max-width: 1024px) 100vw, 1024px" /></figure><div class="wp-block-media-text__content">
<p>El aceite, producto estrella por excelencia, que forma parte de la tradición agrícola de nuestras tierras. Destacando el aceite de la <a href="http://www.oleicola.es/">Cooperativa de Vilafamés</a> que puedes encontrar en muchos de los establecimientos de nuestro municipio.</p>
</div></div>

<div style="height:30px" aria-hidden="true" class="wp-block-spacer"></div>

<h2 class="wp-block-heading has-large-font-size"><strong>Dulces y salados</strong></h2>

<hr class="wp-block-separator has-alpha-channel-opacity"/>

<div class="wp-block-media-text is-stacked-on-mobile"><figure class="wp-block-media-text__media"><img loading="lazy" decoding="async" width="956" height="538" src="https://www.vilafamesturisme.com/wp-content/uploads/2024/04/Pastissos.jpg" alt="" class="wp-image-1114 size-full" srcset="https://www.vilafamesturisme.com/wp-content/uploads/2024/04/Pastissos.jpg 956w, https://www.vilafamesturisme.com/wp-content/uploads/2024/04/Pastissos-300x169.jpg 300w, https://www.vilafamesturisme.com/wp-content/uploads/2024/04/Pastissos-768x432.jpg 768w" sizes="auto, (max-width: 956px) 100vw, 956px" /></figure><div class="wp-block-media-text__content">
<p>Pastisos, cristinas, prim dulce y salado, coca roja, rosegones... Elaborados desde la tradición local para ser un excelente producto de calidad.</p>



<p>Podrás apreciarlo en <a href="https://rafaelgalindo.com/">Panaderia Rafael Galindo</a> y en <a href="https://maps.app.goo.gl/jVGsBiv1xXamDPcKA">Vilafamés Natura</a>.</p>
</div></div>

<div style="height:30px" aria-hidden="true" class="wp-block-spacer"></div>

<h2 class="wp-block-heading has-large-font-size"><strong>Miel</strong></h2>

<hr class="wp-block-separator has-alpha-channel-opacity"/>

<div class="wp-block-media-text is-stacked-on-mobile"><figure class="wp-block-media-text__media"><img loading="lazy" decoding="async" width="1024" height="682" src="https://www.vilafamesturisme.com/wp-content/uploads/2024/04/art-rachen-Asj5DFw8UAw-unsplash-1024x682.jpg" alt="" class="wp-image-1118 size-full" srcset="https://www.vilafamesturisme.com/wp-content/uploads/2024/04/art-rachen-Asj5DFw8UAw-unsplash-1024x682.jpg 1024w, https://www.vilafamesturisme.com/wp-content/uploads/2024/04/art-rachen-Asj5DFw8UAw-unsplash-300x200.jpg 300w, https://www.vilafamesturisme.com/wp-content/uploads/2024/04/art-rachen-Asj5DFw8UAw-unsplash-768x512.jpg 768w, https://www.vilafamesturisme.com/wp-content/uploads/2024/04/art-rachen-Asj5DFw8UAw-unsplash.jpg 1400w" sizes="auto, (max-width: 1024px) 100vw, 1024px" /></figure><div class="wp-block-media-text__content">
<p>Producto natural, fruto de la tradición y de la artesanía.</p>



<p><a href="https://maps.app.goo.gl/xu6LrtHKSkt8Ug7q6">Miel de Vilafamés</a></p>
</div></div>

<div style="height:30px" aria-hidden="true" class="wp-block-spacer"></div>

<h2 class="wp-block-heading has-large-font-size"><strong>Gastronomía</strong></h2>

<hr class="wp-block-separator has-alpha-channel-opacity"/>

<div class="wp-block-media-text is-stacked-on-mobile"><figure class="wp-block-media-text__media"><img loading="lazy" decoding="async" width="1024" height="768" src="https://www.vilafamesturisme.com/wp-content/uploads/2024/04/olla-1024x768-1.jpg" alt="" class="wp-image-1116 size-full" srcset="https://www.vilafamesturisme.com/wp-content/uploads/2024/04/olla-1024x768-1.jpg 1024w, https://www.vilafamesturisme.com/wp-content/uploads/2024/04/olla-1024x768-1-300x225.jpg 300w, https://www.vilafamesturisme.com/wp-content/uploads/2024/04/olla-1024x768-1-768x576.jpg 768w" sizes="auto, (max-width: 1024px) 100vw, 1024px" /></figure><div class="wp-block-media-text__content">
<p>La <a href="https://www.vilafamesturisme.com/es/planifica-tu-visita/gastronomia/bares-y-restaurantes/">gastronomía</a> es el reflejo de un pueblo, platos con historia que son tota una delicia para los sentidos. Platos más destacados: Olleta de Vilafamés y arroz al horno con calabaza.</p>
</div></div>

<p>Conoce la oferta gastronómica que ofrece Vilafamés con productos de Km0 y de proximidad: Vino La viña -el vino-, uno de los cultivos tradicionales con historia en nuestras tierras que [&hellip;]</p>
