{"id":1676,"date":"2023-09-28T07:32:41","date_gmt":"2023-09-28T05:32:41","guid":{"rendered":"https:\/\/www.vilafamesturisme.com\/que-puedes-hacer\/macvac-museo-de-arte-contemporaneo\/"},"modified":"2024-06-25T11:12:11","modified_gmt":"2024-06-25T09:12:11","slug":"macvac-museo-de-arte-contemporaneo","status":"publish","type":"page","link":"https:\/\/www.vilafamesturisme.com\/es\/que-puedes-hacer\/macvac-museo-de-arte-contemporaneo\/","title":{"rendered":"MACVAC - Museo de Arte Contempor\u00e1neo"},"content":{"rendered":"\n<p>El Museo de Arte Contempor\u00e1neo Vicent Aguilera Cerni (MACVAC) abre las puertas en 1972 situando a Vilafam\u00e9s como un punto estrat\u00e9gico del arte contempor\u00e1neo en todo el mundo. Alberga una colecci\u00f3n de 700 obras de vanguardia dentro del Palau del Batle, un antiguo palacio del s. XV, donde se conserva el patio con el pozo y la capilla, entre otras.<\/p>\n\n<div style=\"height:20px\" aria-hidden=\"true\" class=\"wp-block-spacer\"><\/div>\n\n<hr class=\"wp-block-separator has-alpha-channel-opacity\"\/>\n\n<div class=\"wp-block-media-text is-stacked-on-mobile\" style=\"grid-template-columns:30% auto\"><figure class=\"wp-block-media-text__media\"><img loading=\"lazy\" decoding=\"async\" width=\"1024\" height=\"576\" src=\"https:\/\/www.vilafamesturisme.com\/wp-content\/uploads\/2023\/12\/IMG_20210625_124147_8-01-1-1-scaled-1-1024x576.jpeg\" alt=\"\" class=\"wp-image-656 size-full\" srcset=\"https:\/\/www.vilafamesturisme.com\/wp-content\/uploads\/2023\/12\/IMG_20210625_124147_8-01-1-1-scaled-1-1024x576.jpeg 1024w, https:\/\/www.vilafamesturisme.com\/wp-content\/uploads\/2023\/12\/IMG_20210625_124147_8-01-1-1-scaled-1-300x169.jpeg 300w, https:\/\/www.vilafamesturisme.com\/wp-content\/uploads\/2023\/12\/IMG_20210625_124147_8-01-1-1-scaled-1-768x432.jpeg 768w, https:\/\/www.vilafamesturisme.com\/wp-content\/uploads\/2023\/12\/IMG_20210625_124147_8-01-1-1-scaled-1-1536x864.jpeg 1536w, https:\/\/www.vilafamesturisme.com\/wp-content\/uploads\/2023\/12\/IMG_20210625_124147_8-01-1-1-scaled-1-2048x1152.jpeg 2048w, https:\/\/www.vilafamesturisme.com\/wp-content\/uploads\/2023\/12\/IMG_20210625_124147_8-01-1-1-scaled-1.jpeg 2560w\" sizes=\"auto, (max-width: 1024px) 100vw, 1024px\" \/><\/figure><div class=\"wp-block-media-text__content\">\n<p><a href=\"https:\/\/www.macvac.es\" target=\"_blank\" rel=\"noreferrer noopener\">Museo de Arte Contempor\u00e1neo Vicente Aguilera Cerni<\/a><\/p>\n<\/div><\/div>\n\n<hr class=\"wp-block-separator has-alpha-channel-opacity\"\/>\n\n<div class=\"wp-block-media-text is-stacked-on-mobile\" style=\"grid-template-columns:30% auto\"><figure class=\"wp-block-media-text__media\"><img loading=\"lazy\" decoding=\"async\" width=\"1024\" height=\"732\" src=\"https:\/\/www.vilafamesturisme.com\/wp-content\/uploads\/2023\/12\/VisitaMACVAC-1024x732.jpg\" alt=\"\" class=\"wp-image-663 size-full\" srcset=\"https:\/\/www.vilafamesturisme.com\/wp-content\/uploads\/2023\/12\/VisitaMACVAC-1024x732.jpg 1024w, https:\/\/www.vilafamesturisme.com\/wp-content\/uploads\/2023\/12\/VisitaMACVAC-300x214.jpg 300w, https:\/\/www.vilafamesturisme.com\/wp-content\/uploads\/2023\/12\/VisitaMACVAC-768x549.jpg 768w, https:\/\/www.vilafamesturisme.com\/wp-content\/uploads\/2023\/12\/VisitaMACVAC.jpg 1500w\" sizes=\"auto, (max-width: 1024px) 100vw, 1024px\" \/><\/figure><div class=\"wp-block-media-text__content\">\n<p><a href=\"https:\/\/my.matterport.com\/show\/?m=SGq6We2o1Sc\" target=\"_blank\" rel=\"noreferrer noopener\">Visita virtual al museo<\/a><\/p>\n<\/div><\/div>\n\n<hr class=\"wp-block-separator has-alpha-channel-opacity\"\/>\n","protected":false},"excerpt":{"rendered":"<p>El Museo de Arte Contempor\u00e1neo Vicent Aguilera Cerni (MACVAC) abre las puertas en 1972 situando a Vilafam\u00e9s como un punto estrat\u00e9gico del arte contempor\u00e1neo en todo el mundo. Alberga una [&hellip;]<\/p>\n","protected":false},"author":1,"featured_media":473,"parent":1403,"menu_order":75,"comment_status":"closed","ping_status":"closed","template":"","meta":{"_acf_changed":false,"_EventAllDay":false,"_EventTimezone":"","_EventStartDate":"","_EventEndDate":"","_EventStartDateUTC":"","_EventEndDateUTC":"","_EventShowMap":false,"_EventShowMapLink":false,"_EventURL":"","_EventCost":"","_EventCostDescription":"","_EventCurrencySymbol":"","_EventCurrencyCode":"","_EventCurrencyPosition":"","_EventDateTimeSeparator":"","_EventTimeRangeSeparator":"","_EventOrganizerID":[],"_EventVenueID":[],"_OrganizerEmail":"","_OrganizerPhone":"","_OrganizerWebsite":"","_VenueAddress":"","_VenueCity":"","_VenueCountry":"","_VenueProvince":"","_VenueState":"","_VenueZip":"","_VenuePhone":"","_VenueURL":"","_VenueStateProvince":"","_VenueLat":"","_VenueLng":"","_VenueShowMap":false,"_VenueShowMapLink":false,"footnotes":""},"class_list":["post-1676","page","type-page","status-publish","has-post-thumbnail","hentry"],"acf":[],"_links":{"self":[{"href":"https:\/\/www.vilafamesturisme.com\/es\/wp-json\/wp\/v2\/pages\/1676","targetHints":{"allow":["GET"]}}],"collection":[{"href":"https:\/\/www.vilafamesturisme.com\/es\/wp-json\/wp\/v2\/pages"}],"about":[{"href":"https:\/\/www.vilafamesturisme.com\/es\/wp-json\/wp\/v2\/types\/page"}],"author":[{"embeddable":true,"href":"https:\/\/www.vilafamesturisme.com\/es\/wp-json\/wp\/v2\/users\/1"}],"replies":[{"embeddable":true,"href":"https:\/\/www.vilafamesturisme.com\/es\/wp-json\/wp\/v2\/comments?post=1676"}],"version-history":[{"count":1,"href":"https:\/\/www.vilafamesturisme.com\/es\/wp-json\/wp\/v2\/pages\/1676\/revisions"}],"predecessor-version":[{"id":1679,"href":"https:\/\/www.vilafamesturisme.com\/es\/wp-json\/wp\/v2\/pages\/1676\/revisions\/1679"}],"up":[{"embeddable":true,"href":"https:\/\/www.vilafamesturisme.com\/es\/wp-json\/wp\/v2\/pages\/1403"}],"wp:featuredmedia":[{"embeddable":true,"href":"https:\/\/www.vilafamesturisme.com\/es\/wp-json\/wp\/v2\/media\/473"}],"wp:attachment":[{"href":"https:\/\/www.vilafamesturisme.com\/es\/wp-json\/wp\/v2\/media?parent=1676"}],"curies":[{"name":"wp","href":"https:\/\/api.w.org\/{rel}","templated":true}]}}

MACVAC - Museo de Arte Contemporáneo

<p>El Museo de Arte Contemporáneo Vicent Aguilera Cerni (MACVAC) abre las puertas en 1972 situando a Vilafamés como un punto estratégico del arte contemporáneo en todo el mundo. Alberga una colección de 700 obras de vanguardia dentro del Palau del Batle, un antiguo palacio del s. XV, donde se conserva el patio con el pozo y la capilla, entre otras.</p>

<div style="height:20px" aria-hidden="true" class="wp-block-spacer"></div>

<hr class="wp-block-separator has-alpha-channel-opacity"/>

<div class="wp-block-media-text is-stacked-on-mobile" style="grid-template-columns:30% auto"><figure class="wp-block-media-text__media"><img loading="lazy" decoding="async" width="1024" height="576" src="https://www.vilafamesturisme.com/wp-content/uploads/2023/12/IMG_20210625_124147_8-01-1-1-scaled-1-1024x576.jpeg" alt="" class="wp-image-656 size-full" srcset="https://www.vilafamesturisme.com/wp-content/uploads/2023/12/IMG_20210625_124147_8-01-1-1-scaled-1-1024x576.jpeg 1024w, https://www.vilafamesturisme.com/wp-content/uploads/2023/12/IMG_20210625_124147_8-01-1-1-scaled-1-300x169.jpeg 300w, https://www.vilafamesturisme.com/wp-content/uploads/2023/12/IMG_20210625_124147_8-01-1-1-scaled-1-768x432.jpeg 768w, https://www.vilafamesturisme.com/wp-content/uploads/2023/12/IMG_20210625_124147_8-01-1-1-scaled-1-1536x864.jpeg 1536w, https://www.vilafamesturisme.com/wp-content/uploads/2023/12/IMG_20210625_124147_8-01-1-1-scaled-1-2048x1152.jpeg 2048w, https://www.vilafamesturisme.com/wp-content/uploads/2023/12/IMG_20210625_124147_8-01-1-1-scaled-1.jpeg 2560w" sizes="auto, (max-width: 1024px) 100vw, 1024px" /></figure><div class="wp-block-media-text__content">
<p><a href="https://www.macvac.es" target="_blank" rel="noreferrer noopener">Museo de Arte Contemporáneo Vicente Aguilera Cerni</a></p>
</div></div>

<hr class="wp-block-separator has-alpha-channel-opacity"/>

<div class="wp-block-media-text is-stacked-on-mobile" style="grid-template-columns:30% auto"><figure class="wp-block-media-text__media"><img loading="lazy" decoding="async" width="1024" height="732" src="https://www.vilafamesturisme.com/wp-content/uploads/2023/12/VisitaMACVAC-1024x732.jpg" alt="" class="wp-image-663 size-full" srcset="https://www.vilafamesturisme.com/wp-content/uploads/2023/12/VisitaMACVAC-1024x732.jpg 1024w, https://www.vilafamesturisme.com/wp-content/uploads/2023/12/VisitaMACVAC-300x214.jpg 300w, https://www.vilafamesturisme.com/wp-content/uploads/2023/12/VisitaMACVAC-768x549.jpg 768w, https://www.vilafamesturisme.com/wp-content/uploads/2023/12/VisitaMACVAC.jpg 1500w" sizes="auto, (max-width: 1024px) 100vw, 1024px" /></figure><div class="wp-block-media-text__content">
<p><a href="https://my.matterport.com/show/?m=SGq6We2o1Sc" target="_blank" rel="noreferrer noopener">Visita virtual al museo</a></p>
</div></div>

<hr class="wp-block-separator has-alpha-channel-opacity"/>

<p>El Museo de Arte Contemporáneo Vicent Aguilera Cerni (MACVAC) abre las puertas en 1972 situando a Vilafamés como un punto estratégico del arte contemporáneo en todo el mundo. Alberga una [&hellip;]</p>
